 Let g(a) = a**2 - 4*a + 2. Let n be g(4). Let o be 2*(3 + 5 + n). Calculate the highest common divisor of r and o.
20
Let s(v) = -2*v**3 + v**2 + v. Let n be s(-1). Suppose 4*i - 114 = -n. Let z = i + 24. What is the greatest common factor of 13 and z?
13
Suppose -37 = -14*r + 1699. What is the greatest common factor of 8 and r?
4
Suppose 459 = 3*s + 216. Calculate the greatest common factor of s and 108.
27
Let w be (-4)/((-8)/6) + -63. Let o be (1 - (13 + -2))*5. Let p be (w/o)/(2/40). What is the highest common factor of 168 and p?
24
Suppose 5*g = g + x + 12, 5*g - 4*x = 4. Suppose y = -0*o + g*o - 539, 2*o - 275 = -5*y. Let d = -34 - -61. Calculate the greatest common factor of o and d.
27
Let c(b) = -b**2 - 341*b + 3614. Let r be c(10). Suppose -7*d = -2*d - 65. What is the greatest common factor of d and r?
13
Let k be (1 - 0)*(-2 + 6). Let j be k/16 - 177/(-12). Calculate the greatest common divisor of j and 3.
3
Let v be (15/25)/(3/25). Calculate the highest common factor of 20 and v.
5
Suppose 101*c - 1666 = -454. Suppose n - 60 = -v, -2*n = -4*v - 0*n + 240. What is the greatest common factor of v and c?
12
Let u be 15/6*-6*4/(-30). Suppose 11*z = u*z + 135. Calculate the greatest common divisor of 3 and z.
3
Suppose -5*v - 3*z + 6634 = 0, -4*v + 13*z + 5320 = 9*z. What is the highest common divisor of v and 83?
83
Let p = 11 - 39. Let z be (-1)/(15/p + 18/63). Calculate the highest common factor of z and 44.
4
Suppose -2*u - 2*u - g = -240, 3*u = -3*g + 171. What is the greatest common factor of 305 and u?
61
Suppose 68 - 8 = 4*r. Suppose -2*i + 2*h = -126, -51 = -5*i - 3*h + 240. Calculate the greatest common divisor of r and i.
15
Suppose -v = -11 - 13. Let g = 6608 - 6600. Calculate the greatest common factor of v and g.
8
Suppose 4*o + 0*o - 76 = -2*h, -10 = -2*o. Calculate the highest common divisor of 98 and h.
14
Suppose -q = 3*q - 188. Let c(d) = -13*d + 1. Let n be c(-2). Let s = q - n. Calculate the highest common divisor of s and 8.
4
Suppose d + 3*d + 540 = -2*p, -4*d = 5*p + 1332. Let i be (-24)/(-2)*p/(-36). What is the greatest common factor of i and 11?
11
Let o = -11 - -53. Suppose t - 4*s - o = 0, -2*t - 5*s = -5*t + 91. Calculate the greatest common divisor of t and 22.
22
Suppose -157*a - 7425 = -202*a. What is the highest common divisor of 33 and a?
33
Let t(d) = -56*d - 21. Let i(w) = -2*w**2 - 18*w - 22. Let c be i(-8). Let v be t(c). What is the greatest common divisor of v and 45?
45
Suppose 0 = 3*t + 4*t - 14. Let s be 5 + t/(2/3). Calculate the highest common factor of 64 and s.
8
Let o be ((-15 - 6)/3)/(-1). What is the highest common divisor of 49 and o?
7
Let s(o) = 2*o**2 + 2*o - 1. Let g be s(-2). Let r(n) = -6*n + 3. Let u be r(-2). What is the greatest common factor of u and g?
3
Suppose 0 = -14*u + 16*u - 8. Let o(y) = 7*y - 7. Let q be o(5). What is the highest common factor of q and u?
4
Let c be (-13 - 0)/((-38)/9196). Calculate the highest common factor of 11 and c.
11
Let j = -17 + -41. Let x = 64 + j. What is the highest common divisor of x and 2?
2
Suppose 4*k = 83*c - 81*c + 1128, -c + 556 = 2*k. Calculate the highest common divisor of 35 and k.
35
Let d = -4 + 6. Suppose p + 3*p + d*h + 26 = 0, 18 = -2*p - 2*h. Let s = 5 + p. What is the greatest common factor of s and 3?
1
Let w(p) = -p**3 + 2*p**2 - p - 1. Let f be w(-1). Suppose 0 = f*r + 12, -3*m - r = -6*r - 470. What is the greatest common factor of 60 and m?
30
Let v(p) = p**3 + 17*p**2 + 17*p + 15. Let m be v(-16). Let g(x) = 27*x**2 + x. Let d be g(m). What is the greatest common factor of 39 and d?
13
Let d = 581 - 569. What is the greatest common divisor of d and 708?
12
Let d be 3/2*(-220)/(-33) + -2. Suppose 5*l + d = 43. What is the highest common factor of 77 and l?
7
Suppose 0 = 4*x - 15 - 5. Suppose -5*b = -5*f + 390, 4*f + 2 = -2*b + 326. Suppose 0 = -g + x*g - f. What is the greatest common divisor of g and 160?
20
Suppose -3*y + 2*f = -114, -4*y + 3*f = -2*y - 71. Calculate the greatest common divisor of y and 140.
20
Let d be (-40860)/(-126) - 5/((-70)/(-4)). Calculate the greatest common factor of d and 72.
36
Suppose -2*d + 788 = -132. Suppose 5*n + f = -3*f + d, 2*n - 167 = -5*f. Calculate the highest common factor of n and 12.
12
Let t(s) = -s - 2. Let l be t(0). Let k be (l/3)/(8/720). Let v be 8/(-28) + k/(-14). Calculate the greatest common divisor of v and 1.
1
Suppose -10*o - 8*o = -576. What is the greatest common factor of 16 and o?
16
Let g(j) = -j**2 + 5*j + 16. Suppose 2*m - 7 = 7. Let p be g(m). Suppose 3*w - 41 = 4*h, p*w - w - 3 = -4*h. Calculate the greatest common factor of w and 1.
1
Suppose -2*o + 79 + 31 = -y, -3*y = 4*o - 240. Let v be 3/(-15) + 571/5. Calculate the highest common divisor of v and o.
57
Suppose 4*l - 2*l = 34. Let b be (561/(-6))/(11/(-22)). Calculate the greatest common factor of b and l.
17
Suppose 5*p = -p + 48. Suppose -10 = -2*f - p. Calculate the highest common divisor of f and 8.
1
Let c be 4/10 - 8*8/160. Suppose q + c*q = -2*f + 14, 63 = 5*q + 3*f. What is the highest common divisor of q and 36?
12
Let d be (-4 + 69/(-6))*-2. Suppose 3*q = 3*p - 0*q - 27, -4*q - d = -3*p. Suppose p*f + 11 = 6*f. Calculate the greatest common divisor of f and 55.
11
Suppose 4*w - 36 = 2*w - 4*y, 3*y - 6 = 0. Calculate the greatest common divisor of w and 10.
2
Let a(f) = -f - 22 + 2*f + 41 - 21. Let c = 2 + 1. Let d be a(c). Calculate the highest common divisor of 1 and d.
1
Let d = -10 - -13. Suppose 4*w - 222 = -d*y, -4*w - 2*y = 2*y - 224. Calculate the greatest common divisor of 6 and w.
6
Suppose -5*x + 170 = -5*i, 3*x = 10*i - 14*i + 116. What is the highest common factor of x and 72?
36
Suppose -q = -5*n + 101 + 64, 4*n - 5*q = 111. Suppose -2*o - 2*u + 4*u = -n, o + 3*u = 29. Calculate the highest common divisor of o and 5.
5
Suppose -3*q - 5*f + 44 = 0, q - 4*f - f + 12 = 0. What is the greatest common factor of 44 and q?
4
Let s be -1 + (-6)/(12/(-10)). Let b be (-5 - (49 - -6))*s/(-1). What is the highest common divisor of b and 30?
30
Let a be 40/(-2 + -6) + 25. Calculate the greatest common factor of 250 and a.
10
Suppose -3*d + 2652 = 4*w, -w + 5*d + 494 = -169. What is the highest common factor of w and 51?
51
Suppose -g - 2*g - 194 = 5*t, -2*t = -2*g - 140. Let s = -66 - g. What is the highest common factor of s and 2?
2
Suppose -x + 20 = x. Let g(t) = t**2 - 10*t + 10. Let h be g(x). Let p = h - 5. Calculate the highest common divisor of 1 and p.
1
Let y be 6/(-48) - (-2410)/80. Calculate the greatest common factor of 390 and y.
30
Suppose 4*r + 9 = 5*k, -2*k = -r - 0 - 3. Let o(z) = 11*z - 1. Let y be o(k). What is the highest common factor of y and 45?
5
Let l be (4 + -3)*(6 + -2 + -1). What is the highest common factor of l and 201?
3
Let k = 243 + -171. Calculate the greatest common factor of 27 and k.
9
Suppose 5*s = 2*s - 858. Let a(b) = -2*b**2 + 3*b + 1. Let j be a(9). Let u = j - s. What is the greatest common factor of 19 and u?
19
Let i be (-2)/(-4) - (-989)/2. What is the highest common factor of 594 and i?
99
Suppose 2*b - 132 = -b. Let r be 3*(77/(-3))/(-7). Calculate the greatest common factor of b and r.
11
Let z(x) = x - 13. Let k be z(17). Suppose -k*w + 49 = -35. Calculate the highest common divisor of 231 and w.
21
Suppose 0 = 3*s + 5*i + 254, -i - 4 = -0. Let z be 1/(21/6) + s/(-21). What is the greatest common factor of z and 14?
2
Suppose 5*z = 80 + 50. Let b(s) = 31*s**3 - 16*s**2 + 2*s - 4. Let j be b(1). Calculate the greatest common divisor of z and j.
13
Let b be ((-51)/(-4))/((-624)/(-6656)). Let l be -17*((-2 - -1) + 0). Calculate the highest common factor of l and b.
17
Let c be (-10)/(-135) + 4100/54. Calculate the greatest common divisor of 8 and c.
4
Let f be (-237)/(-27) + (-2)/(-9). Suppose 18*k - f*k = 315. Let h = 7 + -2. What is the highest common divisor of k and h?
5
Let t(i) = -i**2 - i - 1. Suppose 4 = -3*u - 5. Let o be t(u). Let l(w) = 2*w**2 + 13*w + 3. Let z be l(o). What is the greatest common divisor of 10 and z?
10
Let r = -12 + 14. Suppose -a - 4*q = r + 5, 13 = -4*a - q. Let n be ((-12)/a - 3) + 0. What is the highest common factor of 4 and n?
1
Suppose q - 10 = 28. Suppose -3*n + 2*n = -3*i + 172, -3*i + 166 = 5*